{"version":"1.0","provider_name":"N\u00e9z\u0151pont","provider_url":"https:\/\/ivikkencsfoto.cafeblog.hu","author_name":"Vikt\u00f3ria P\u00e1dvai","author_url":"https:\/\/ivikkencsfoto.cafeblog.hu\/author\/vikcsyprugmail-com\/","title":"Margitsziget","html":"<p>Ha tehetem, a g\u00e9pet viszem mindenhov\u00e1. Ma a Margitszigetet l\u00e1togattuk meg. P\u00e1r k\u00e9p most is k\u00e9sz\u00fclt, vir\u00e1gok, n\u00f6v\u00e9nyek, helyek, Jap\u00e1nkert, Sz\u00f6k\u0151k\u00fat az esti pomp\u00e1j\u00e1ban. Hosszabb r\u00f6videbb z\u00e1rid\u0151vel, ilyesn sorrendben. + Van egy vide\u00f3 is a k\u00e9pgal\u00e9ria alatt. =)<br \/><br \/><\/p>\r\n<iframe src=\"https:\/\/albumizr.com\/a\/un0\" scrolling=\"no\" frameborder=\"0\" width=\"700\" height=\"400\"><\/iframe>\r\n<p><iframe src=\"https:\/\/www.youtube.com\/embed\/eV3VMIeaD-Q\" width=\"640\" height=\"360\" frameborder=\"0\"><\/iframe><\/p>","type":"rich","thumbnail_url":"https:\/\/ivikkencsfoto.cafeblog.hu\/files\/2016\/09\/DSC03503_DxO-150x150.jpg","thumbnail_width":150,"thumbnail_height":150}

Nézőpont

Viktória Pádvai

<p>Ha tehetem, a gépet viszem mindenhová. Ma a Margitszigetet látogattuk meg. Pár kép most is készült, virágok, növények, helyek, Japánkert, Szökőkút az esti pompájában. Hosszabb rövidebb záridővel, ilyesn sorrendben. + Van egy videó is a képgaléria alatt. =)<br /><br /></p>
<iframe src="https://albumizr.com/a/un0" scrolling="no" frameborder="0" width="700" height="400"></iframe>
<p><iframe src="https://www.youtube.com/embed/eV3VMIeaD-Q" width="640" height="360" frameborder="0"></iframe></p>
